).
-1
Let v(w) = -4*w**3 - 72*w**2 - 2*w - 41. Determine v(-18).
-5
Let u(l) = -2*l**3 - 3*l**2 - 2*l + 5. Determine u(2).
-27
Let i(a) = a**3 + 4*a**2 + 62*a + 325. Give i(-5).
-10
Let i(z) = -22504*z - 742637. Calculate i(-33).
-5
Let i(v) = -5*v**3 - 9*v**2 + 22*v + 50. What is i(-2)?
10
Let w(t) = -t**3 + 20*t**2 - 18*t - 11. Determine w(19).
8
Let n(h) = 2*h**3 - 8*h**2 - 40*h - 13. Calculate n(7).
1
Let o(m) = -3*m**2 - 85*m - 31. Give o(-28).
-3
Let k(d) = -1319*d - 38251. What is k(-29)?
0
Let q(c) = -42*c + 202. Give q(5).
-8
Let z(d) = 10*d**2 - 651*d + 59. Give z(65).
-6
Let w(t) = -t**2 + 5*t - 19. Give w(0).
-19
Let l(q) = -19*q**3 - 88*q**2 + 36*q + 6. What is l(-5)?
1
Let v(t) = t**3 - 20*t**2 + 76*t + 23. Give v(7).
-82
Let r(m) = -2*m**2 - 20*m - 32. Determine r(-7).
10
Let l(n) = -n**3 + 5*n**2 + 13*n + 17. Determine l(-2).
19
Let n(i) = -44*i - 631. Give n(-21).
293
Let w(p) = 5*p**2 - 16*p - 77. Calculate w(6).
7
Let m(s) = s**2 - 28*s + 98. What is m(8)?
-62
Let u(t) = t**2 - 348*t + 1688. Give u(5).
-27
Let h(g) = -35*g**2 - 310*g + 53. Give h(-9).
8
Let z(p) = -p**2 - 21*p - 100. Calculate z(-4).
-32
Let n(w) = -5*w**2 - 23*w - 14. What is n(-3)?
10
Let l(a) = -970*a + 16536. Determine l(17).
46
Let y(t) = 3*t**2 - 60*t + 90. Give y(18).
-18
Let i(v) = -16*v**2 + 10*v + 26. What is i(-3)?
-148
Let r(c) = -84*c + 677. Give r(8).
5
Let j(m) = -3*m**2 + 470*m - 3131. Calculate j(7).
12
Let u(f) = -f**2 + 53*f - 155. Give u(-9).
-713
Let l(z) = -z**2 - 59*z - 824. What is l(-20)?
-44
Let f(n) = 45*n - 182. Give f(4).
-2
Let x(q) = -130*q + 1702. What is x(13)?
12
Let o(r) = r**3 + 68*r**2 + 1153*r - 90. Calculate o(-35).
-20
Let k(c) = -c**3 + 38*c**2 + 19*c - 716. Calculate k(38).
6
Let d(y) = y**3 + 10*y**2 - 7*y - 8. Give d(-9).
136
Let x(u) = -u**2 + 20*u + 635. What is x(-17)?
6
Let b(w) = -19*w**2 + 299*w - 214. Give b(15).
-4
Let j(v) = -v**2 - 321*v - 312. Calculate j(-1).
8
Let l(p) = p**3 - 29*p**2 + 199*p. Determine l(12).
-60
Let o(t) = -t**2 - 65*t + 888. Determine o(14).
-218
Let m(n) = 2*n**2 - 12*n - 2. Give m(9).
52
Let j(w) = -w**3 - 8*w**2 - 14*w - 43. Determine j(-7).
6
Let j(q) = q**3 - 36*q**2 - 252*q - 13. What is j(-6)?
-13
Let l(c) = -3*c**2 + 28*c + 9. What is l(-3)?
-102
Let y(s) = -3*s + 122. Give y(-20).
182
Let t(s) = -194*s**2 - 13*s - 10. Calculate t(2).
-812
Let d(v) = v**3 - 2*v**2 + 7*v - 4. Determine d(2).
10
Let x(w) = w**3 - 10*w**2 + 5*w + 15. Give x(9).
-21
Let i(v) = -2*v**3 + 91*v**2 + 49*v - 143. What is i(46)?
-5
Let g(v) = -3*v**2 - 106*v + 3556. What is g(21)?
7
Let s(n) = -187*n**2 + 8*n + 7. What is s(-1)?
-188
Let f(y) = 422*y - 5067. Give f(12).
-3
Let l(i) = -26*i + 480. Calculate l(19).
-14
Let k(a) = 5*a**2 - 46*a - 174. What is k(-4)?
90
Let k(g) = -g**3 + 8*g**2 - 61. Calculate k(7).
-12
Let v(y) = 10*y**2 - 76*y - 144. Give v(9).
-18
Let f(y) = -y**3 + 8*y**2 + 50*y + 26. What is f(12)?
50
Let i(c) = -90*c + 5079. What is i(55)?
129
Let y(m) = 95*m + 3703. What is y(-39)?
-2
Let t(n) = -24*n**3 - 24*n + 52. What is t(2)?
-188
Let t(x) = x**2 + 13*x - 95. Give t(-11).
-117
Let w(x) = 41*x + 65. Determine w(-2).
-17
Let m(b) = 83*b - 1487. What is m(18)?
7
Let z(f) = 17*f**2 + 70*f + 66. Give z(-3).
9
Let a(z) = 115*z + 5894. What is a(-49)?
259
Let p(h) = h**3 + 4*h**2 + 4*h + 7. Calculate p(4).
151
Let l(j) = -13*j + 220. Give l(21).
-53
Let h(k) = 137*k - 2174. Give h(16).
18
Let q(d) = -26*d + 735. Determine q(22).
163
Let k(g) = -12*g - 227. Calculate k(-26).
85
Let j(h) = 3*h**2 + 444*h - 1349. Calculate j(3).
10
Let q(c) = -280*c**3 - 2*c**2 - 11*c + 11. Give q(1).
-282
Let j(r) = -2*r**2 - 20*r + 94. Determine j(4).
-18
Let i(m) = -11*m**2 + 284*m + 31. Determine i(26).
-21
Let v(h) = -h**3 - 13*h**2 + 47*h - 2. Calculate v(3).
-5
Let u(j) = -3*j**2 + 51*j - 469. Determine u(15).
-379
Let f(v) = -v**3 + v**2 + 6*v - 8. What is f(-4)?
48
Let u(h) = -2*h**3 + 4*h**2 + 4*h - 12. Give u(0).
-12
Let v(j) = 8*j**2 - 106*j + 294. Determine v(8).
-42
Let b(v) = v**3 - 7*v**2 - 13*v + 88. Determine b(6).
-26
Let h(x) = -x**3 + 129*x**2 - 132*x + 519. Give h(128).
7
Let u(h) = h**3 - 26*h**2 + 66*h + 22. Give u(23).
-47
Let x(u) = 4*u**2 + 93*u - 529. Give x(-28).
3
Let u(h) = -h**3 + 65*h**2 - 184*h - 168. Give u(62).
-44
Let x(f) = f**3 - 15*f**2 + 33*f + 32. Calculate x(12).
-4
Let s(w) = -2*w**2 + 48*w - 267. Determine s(12).
21
Let n(t) = 25*t + 599. Determine n(-19).
124
Let u(t) = -t**3 + 10*t**2 + 150*t + 399. Calculate u(19).
0
Let f(y) = 2*y**3 + 13*y**2 - 21*y - 20. What is f(-8)?
-44
Let f(v) = -44*v - 715. Calculate f(-16).
-11
Let o(f) = -818*f - 58072. Give o(-71).
6
Let x(t) = 78*t + 8676. Determine x(-112).
-60
Let f(b) = 9*b**2 - 22*b - 118. Determine f(-6).
338
Let y(s) = -8*s**2 - 109*s + 21. Determine y(-14).
-21
Let n(j) = 3*j**3 - 146*j**2 - 517*j - 158. What is n(52)?
-2
Let a(s) = -15*s - 99. Give a(-9).
36
Let n(w) = -9*w**3 + 46*w**2 + 7*w + 173. Determine n(6).
-73
Let p(o) = 19*o + 970. Calculate p(-43).
153
Let a(t) = -103*t - 742. Determine a(-7).
-21
Let o(a) = a**3 + 20*a**2 + 5*a + 153. Determine o(-22).
-925
Let k(w) = -43*w - 1125. What is k(-26)?
-7
Let s(b) = -6*b + 31. Determine s(18).
-77
Let p(h) = 242*h + 985. Determine p(-4).
17
Let o(a) = -43*a + 732. Calculate o(14).
130
Let n(k) = 65*k - 203. Determine n(4).
57
Let p(v) = -60*v - 1528. Calculate p(-28).
152
Let g(i) = 2*i**2 - 131*i + 1545. What is g(50)?
-5
Let q(f) = 88*f - 544. Calculate q(6).
-16
Let m(g) = 2*g**3 + 2*g**2 - 17*g - 11. What is m(-3)?
4
Let b(r) = r**3 + 7*r**2 - 60*r + 2. Determine b(-12).
2
Let w(z) = -94*z + 2395. Calculate w(25).
45
Let g(t) = t**3 + 38*t**2 + 230*t + 10. Calculate g(-8).
90
Let n(o) = -69*o - 1000. Calculate n(-14).
-34
Let b(h) = h**2 + 32*h + 102. What is b(-26)?
-54
Let i(d) = 3666*d - 7324. What is i(2)?
8
Let p(j) = 4*j**2 + 43*j + 36. Calculate p(-13).
153
Let w(t) = 16*t - 41. Determine w(0).
-41
Let d(m) = 17*m + 54. Calculate d(4).
122
Let k(d) = 9*d - 29. Give k(-19).
-200
Let i(j) = -9*j**2 - 82*j - 316. Calculate i(-4).
-132
Let z(f) = -23*f - 278. Determine z(-15).
67
Let g(b) = b**2 + 3*b - 173. What is g(15)?
97
Let m(l) = -2*l**3 + 15*l**2 - 63*l + 5. Determine m(3).
-103
Let c(r) = r**3 - 3*r**2 - 16*r - 19. What is c(0)?
-19
Let p(v) = -125*v - 1290. Calculate p(-10).
-40
Let r(a) = -2*a**3 - 2*a**2 - 7*a - 16. Determine r(-3).
41
Let k(m) = -24*m + 525. What is k(22)?
-3
Let k(r) = 207*r + 3539. What is k(-17)?
20
Let s(j) = 4*j**2 - 2. What is s(5)?
98
Let l(h) = -825*h - 4942. Calculate l(-6).
8
Let c(g) = -3*g**2 + 13*g + 46. Calculate c(-5).
-94
Let i(f) = f**3 + 31*f**2 - 276*f - 374. Determine i(-38).
6
Let z(b) = 2*b**2 - 33*b + 53. Determine z(6).
-73
Let m(b) = 3*b**3 - 156*b**2 - 14*b + 731. Determine m(52).
3
Let i(g) = 6*g**2 - 401*g + 275. Give i(66).
-55
Let z(h) = -h**3 + 14*h**2 - 14*h - 4. What is z(13)?
-17
Let r(y) = -24*y**2 + 353*y + 32. Calculate r(13).
565
Let a(n) = -458*n - 15126. Determine a(-33).
-12
Let g(a) = 257*a + 993. Give g(-4).
-35
Let u(n) = 154*n - 9416. Give u(61).
-22
Let u(n) = -n**2 + 150*n - 2925. What is u(127)?
-4
Let o(l) = 3*l**2 + 32*l - 259. Give o(-18).
137
Let z(r) = -r**3 + 12*r**2 + 11*r + 3. What is z(12)?
135
Let m(d) = -4*d**3 - 41*d**2 + 5*d + 66. What is m(-10)?
-84
Let k(m) = 2*m**3 + 57*m**2 + m - 780. Give k(-28).
-24
Let w(n) = n**2 - 48*n + 150. What is w(43)?
-65
Let q(v) = -17*v**2 - 497*v - 115. Give q(-29).
1
Let n(a) = -223*a - 1479. What is n(-7)?
82
Let w(a) = -6616*a - 52917. Calculate w(-8).
11
Let g(o) = 4*o**3 - 41*o**2 + 31*o - 10. Determine g(9).
-136
Let x(f) = f**2 + 110*f + 2043. What is x(-86)?
-21
Let j(t) = 13*t + 276. What is j(-18)?
42
Let z(y) = -2*y**3 - 67*y**2 + 339*y - 61. Calculate z(-38).
53
Let t(o) = -2*o**2 + 10*o - 22. Give t(3).
-10
Let d(r) = -46*r + 1167. Determine d(27).
-75
Let m(h) = 531*h + 11135. Calculate m(-21).
-16
Let d(u) = -100*u - 2704. What is d(-27)?
-4
Let c(n) = 2*n**3 - 67*n**2 + 43*n - 45. Give c(33).
285
Let s(b) = -7*b**2 + 466*b - 1359. What is s(3)?
-24
Let q(u) = -u**3 - 43*u**2 - 66*u - 73. Give q(-41).
-729
Let p(m) = -8*m**2 - 11*m + 150. Determine p(-5).
5
Let j(c) = -c**3 - 12*c**2 - 11*c - 